[INFO] cloning repository https://github.com/lvcq/zly
[INFO] running `Command { std: "git" "-c" "credential.helper=" "-c" "credential.helper=/workspace/cargo-home/bin/git-credential-null" "clone" "--bare" "https://github.com/lvcq/zly" "/workspace/cache/git-repos/https%3A%2F%2Fgithub.com%2Flvcq%2Fzly", kill_on_drop: false }`
[INFO] [stderr] Cloning into bare repository '/workspace/cache/git-repos/https%3A%2F%2Fgithub.com%2Flvcq%2Fzly'...
[INFO] running `Command { std: "git" "rev-parse" "HEAD", kill_on_drop: false }`
[INFO] [stdout] e0aba8acc6748655e311b43573f7b92803341b29
[INFO] checking lvcq/zly against master#cfbc6d4cf1acbac5c025acf8ed68929caa551df3 for pr-75494-beta
[INFO] running `Command { std: "git" "clone" "/workspace/cache/git-repos/https%3A%2F%2Fgithub.com%2Flvcq%2Fzly" "/workspace/builds/worker-4/source", kill_on_drop: false }`
[INFO] [stderr] Cloning into '/workspace/builds/worker-4/source'...
[INFO] [stderr] done.
[INFO] validating manifest of git repo https://github.com/lvcq/zly on toolchain cfbc6d4cf1acbac5c025acf8ed68929caa551df3
[INFO] running `Command { std: "/workspace/cargo-home/bin/cargo" "+cfbc6d4cf1acbac5c025acf8ed68929caa551df3" "read-manifest" "--manifest-path" "Cargo.toml", kill_on_drop: false }`
[INFO] started tweaking git repo https://github.com/lvcq/zly
[INFO] removed path dependency actix-files from git repo https://github.com/lvcq/zly
[INFO] removed path dependency actix-multipart from git repo https://github.com/lvcq/zly
[INFO] finished tweaking git repo https://github.com/lvcq/zly
[INFO] tweaked toml for git repo https://github.com/lvcq/zly written to /workspace/builds/worker-4/source/Cargo.toml
[INFO] crate git repo https://github.com/lvcq/zly already has a lockfile, it will not be regenerated
[INFO] running `Command { std: "/workspace/cargo-home/bin/cargo" "+cfbc6d4cf1acbac5c025acf8ed68929caa551df3" "fetch" "--locked" "--manifest-path" "Cargo.toml", kill_on_drop: false }`
[INFO] [stderr] warning: dependency (actix-files) specified without providing a local path, Git repository, or version to use. This will be considered an error in future versions
[INFO] [stderr] warning: dependency (actix-multipart) specified without providing a local path, Git repository, or version to use. This will be considered an error in future versions
[INFO] [stderr]     Updating crates.io index
[INFO] [stderr] error: the lock file /workspace/builds/worker-4/source/Cargo.lock needs to be updated but --locked was passed to prevent this
[INFO] [stderr] If you want to try to generate the lock file without accessing the network, use the --offline flag.
[INFO] the lockfile is outdated, regenerating it
[INFO] running `Command { std: "/workspace/cargo-home/bin/cargo" "+cfbc6d4cf1acbac5c025acf8ed68929caa551df3" "generate-lockfile" "--manifest-path" "Cargo.toml" "-Zno-index-update", kill_on_drop: false }`
[INFO] [stderr]     Blocking waiting for file lock on package cache
[INFO] running `Command { std: "/workspace/cargo-home/bin/cargo" "+cfbc6d4cf1acbac5c025acf8ed68929caa551df3" "fetch" "--locked" "--manifest-path" "Cargo.toml", kill_on_drop: false }`
[INFO] [stderr] warning: dependency (actix-files) specified without providing a local path, Git repository, or version to use. This will be considered an error in future versions
[INFO] [stderr] warning: dependency (actix-multipart) specified without providing a local path, Git repository, or version to use. This will be considered an error in future versions
[INFO] [stderr]     Blocking waiting for file lock on package cache
[INFO] [stderr]  Downloading crates ...
[INFO] [stderr]   Downloaded dotenv v0.9.0
[INFO] [stderr]   Downloaded threadpool v1.8.1
[INFO] [stderr]   Downloaded subtle v2.2.3
[INFO] [stderr]   Downloaded linked-hash-map v0.5.3
[INFO] [stderr]   Downloaded match_cfg v0.1.0
[INFO] [stderr]   Downloaded resolv-conf v0.6.3
[INFO] [stderr]   Downloaded trust-dns-proto v0.19.5
[INFO] [stderr]   Downloaded actix-threadpool v0.3.3
[INFO] [stderr]   Downloaded adler v0.2.3
[INFO] [stderr]   Downloaded actix-server v1.0.3
[INFO] [stderr]   Downloaded actix-tls v2.0.0-alpha.2
[INFO] [stderr]   Downloaded opaque-debug v0.3.0
[INFO] [stderr]   Downloaded actix-macros v0.1.2
[INFO] [stderr]   Downloaded actix-rt v1.1.1
[INFO] [stderr]   Downloaded ipconfig v0.2.2
[INFO] [stderr]   Downloaded actix-router v0.2.4
[INFO] [stderr]   Downloaded v_escape_derive v0.8.1
[INFO] [stderr]   Downloaded v_htmlescape v0.10.0
[INFO] [stderr]   Downloaded actix-cors v0.3.0-alpha.1
[INFO] [stderr]   Downloaded addr2line v0.13.0
[INFO] [stderr]   Downloaded hmac v0.8.1
[INFO] [stderr]   Downloaded fallible-iterator v0.2.0
[INFO] [stderr]   Downloaded redis-async v0.6.3
[INFO] [stderr]   Downloaded actix-testing v1.0.1
[INFO] [stderr]   Downloaded twoway v0.2.1
[INFO] [stderr]   Downloaded flate2 v1.0.17
[INFO] [stderr]   Downloaded crossbeam-channel v0.4.3
[INFO] [stderr]   Downloaded actix v0.10.0-alpha.3
[INFO] [stderr]   Downloaded lock_api v0.4.1
[INFO] [stderr]   Downloaded buf-min v0.1.1
[INFO] [stderr]   Downloaded actix-codec v0.2.0
[INFO] [stderr]   Downloaded digest v0.8.1
[INFO] [stderr]   Downloaded combine v3.8.1
[INFO] [stderr]   Downloaded tokio-postgres v0.5.5
[INFO] [stderr]   Downloaded redis v0.15.1
[INFO] [stderr]   Downloaded encoding_rs v0.8.23
[INFO] [stderr]   Downloaded parking_lot v0.11.0
[INFO] [stderr]   Downloaded object v0.20.0
[INFO] [stderr]   Downloaded deflate v0.8.6
[INFO] [stderr]   Downloaded miniz_oxide v0.4.1
[INFO] [stderr]   Downloaded actix-service v1.0.6
[INFO] [stderr]   Downloaded mime_guess v2.0.3
[INFO] [stderr]   Downloaded gif v0.10.3
[INFO] [stderr]   Downloaded postgres v0.17.5
[INFO] [stderr]   Downloaded backoff v0.1.6
[INFO] [stderr]   Downloaded unicode-segmentation v1.6.0
[INFO] [stderr]   Downloaded instant v0.1.6
[INFO] [stderr]   Downloaded postgres-protocol v0.5.2
[INFO] [stderr]   Downloaded block-buffer v0.7.3
[INFO] [stderr]   Downloaded block-cipher v0.7.1
[INFO] [stderr]   Downloaded bytestring v0.1.5
[INFO] [stderr]   Downloaded unchecked-index v0.2.2
[INFO] [stderr]   Downloaded hostname v0.3.1
[INFO] [stderr]   Downloaded png v0.16.7
[INFO] [stderr]   Downloaded enum-as-inner v0.3.3
[INFO] [stderr]   Downloaded actix_derive v0.5.0
[INFO] [stderr]   Downloaded awc v2.0.0-beta.3
[INFO] [stderr]   Downloaded gimli v0.22.0
[INFO] [stderr]   Downloaded aead v0.3.2
[INFO] [stderr]   Downloaded polyval v0.4.0
[INFO] [stderr]   Downloaded actix-multipart v0.3.0-beta.1
[INFO] [stderr]   Downloaded actix-connect v2.0.0-alpha.4
[INFO] [stderr]   Downloaded actix-files v0.3.0-beta.1
[INFO] [stderr]   Downloaded actix-redis v0.9.0-alpha.2
[INFO] [stderr]   Downloaded actix-session v0.4.0-alpha.1
[INFO] [stderr]   Downloaded postgres-types v0.1.2
[INFO] [stderr]   Downloaded actix-http v2.0.0-beta.3
[INFO] [stderr]   Downloaded backtrace v0.3.50
[INFO] [stderr]   Downloaded ascii v0.9.3
[INFO] [stderr]   Downloaded chrono v0.4.15
[INFO] [stderr]   Downloaded aho-corasick v0.6.10
[INFO] [stderr]   Downloaded generic-array v0.14.4
[INFO] [stderr]   Downloaded universal-hash v0.4.0
[INFO] [stderr]   Downloaded smallvec v1.4.2
[INFO] [stderr]   Downloaded siphasher v0.3.3
[INFO] [stderr]   Downloaded signal-hook-registry v1.2.1
[INFO] [stderr]   Downloaded sha-1 v0.9.1
[INFO] [stderr]   Downloaded mime v0.3.16
[INFO] [stderr]   Downloaded byte-tools v0.3.1
[INFO] [stderr]   Downloaded diesel v1.4.5
[INFO] [stderr]   Downloaded image v0.23.8
[INFO] [stderr]   Downloaded rust-crypto v0.2.36
[INFO] [stderr]   Downloaded parking_lot_core v0.8.0
[INFO] [stderr]   Downloaded once_cell v1.4.1
[INFO] [stderr]   Downloaded trust-dns-resolver v0.19.5
[INFO] [stderr]   Downloaded aes-soft v0.4.0
[INFO] [stderr]   Downloaded aesni v0.7.0
[INFO] [stderr]   Downloaded aes v0.4.0
[INFO] [stderr]   Downloaded actix-web v3.0.0-beta.3
[INFO] [stderr]   Downloaded url v2.1.1
[INFO] [stderr]   Downloaded digest v0.9.0
[INFO] [stderr]   Downloaded hkdf v0.9.0
[INFO] [stderr]   Downloaded phf v0.8.0
[INFO] [stderr]   Downloaded sha2 v0.8.2
[INFO] [stderr]   Downloaded block-buffer v0.9.0
[INFO] [stderr]   Downloaded arc-swap v0.4.7
[INFO] [stderr]   Downloaded v_escape v0.12.1
[INFO] [stderr]   Downloaded actix-utils v1.0.6
[INFO] [stderr]   Downloaded ghash v0.3.0
[INFO] [stderr]   Downloaded derive_more v0.99.9
[INFO] [stderr]   Downloaded ucd-util v0.1.8
[INFO] [stderr]   Downloaded utf8-ranges v1.0.4
[INFO] [stderr]   Downloaded bytemuck v1.3.1
[INFO] [stderr]   Downloaded num-rational v0.3.0
[INFO] [stderr]   Downloaded miniz_oxide v0.3.7
[INFO] [stderr]   Downloaded tiff v0.5.0
[INFO] [stderr]   Downloaded cloudabi v0.1.0
[INFO] [stderr]   Downloaded phf_shared v0.8.0
[INFO] [stderr]   Downloaded base64 v0.12.3
[INFO] [stderr]   Downloaded crypto-mac v0.8.0
[INFO] [stderr]   Downloaded md5 v0.7.0
[INFO] [stderr]   Downloaded cpuid-bool v0.1.2
[INFO] [stderr]   Downloaded dtoa v0.4.6
[INFO] [stderr]   Downloaded sha2 v0.9.1
[INFO] [stderr]   Downloaded proc-macro-nested v0.1.6
[INFO] [stderr]   Downloaded tokio-util v0.2.0
[INFO] [stderr]   Downloaded async-trait v0.1.38
[INFO] [stderr]   Downloaded block-padding v0.1.5
[INFO] [stderr]   Downloaded aes-gcm v0.6.0
[INFO] [stderr]   Downloaded actix-web-codegen v0.3.0-beta.1
[INFO] [stderr]   Downloaded unicase v2.6.0
[INFO] running `Command { std: "docker" "create" "-v" "/var/lib/crater-agent-workspace/builds/worker-4/target:/opt/rustwide/target:rw,Z" "-v" "/var/lib/crater-agent-workspace/builds/worker-4/source:/opt/rustwide/workdir:ro,Z" "-v" "/var/lib/crater-agent-workspace/cargo-home:/opt/rustwide/cargo-home:ro,Z" "-v" "/var/lib/crater-agent-workspace/rustup-home:/opt/rustwide/rustup-home:ro,Z" "-e" "SOURCE_DIR=/opt/rustwide/workdir" "-e" "CARGO_TARGET_DIR=/opt/rustwide/target" "-e" "CARGO_HOME=/opt/rustwide/cargo-home" "-e" "RUSTUP_HOME=/opt/rustwide/rustup-home" "-w" "/opt/rustwide/workdir" "-m" "1610612736" "--user" "0:0" "--network" "none" "rustops/crates-build-env@sha256:a636fd89d022f18117e1dc8fb37a0a009933cdbbe082814857f0e2024962d47c" "/opt/rustwide/cargo-home/bin/cargo" "+cfbc6d4cf1acbac5c025acf8ed68929caa551df3" "metadata" "--no-deps" "--format-version=1", kill_on_drop: false }`
[INFO] [stderr] WARNING: Your kernel does not support swap limit capabilities or the cgroup is not mounted. Memory limited without swap.
[INFO] [stdout] 130bb5455dea56686cf978e7a3d9c5c9c06a2e99aaa2c193020f27149d8a9d03
[INFO] running `Command { std: "docker" "start" "-a" "130bb5455dea56686cf978e7a3d9c5c9c06a2e99aaa2c193020f27149d8a9d03", kill_on_drop: false }`
[INFO] running `Command { std: "docker" "inspect" "130bb5455dea56686cf978e7a3d9c5c9c06a2e99aaa2c193020f27149d8a9d03", kill_on_drop: false }`
[INFO] running `Command { std: "docker" "rm" "-f" "130bb5455dea56686cf978e7a3d9c5c9c06a2e99aaa2c193020f27149d8a9d03", kill_on_drop: false }`
[INFO] [stdout] 130bb5455dea56686cf978e7a3d9c5c9c06a2e99aaa2c193020f27149d8a9d03
[INFO] running `Command { std: "docker" "create" "-v" "/var/lib/crater-agent-workspace/builds/worker-4/target:/opt/rustwide/target:rw,Z" "-v" "/var/lib/crater-agent-workspace/builds/worker-4/source:/opt/rustwide/workdir:ro,Z" "-v" "/var/lib/crater-agent-workspace/cargo-home:/opt/rustwide/cargo-home:ro,Z" "-v" "/var/lib/crater-agent-workspace/rustup-home:/opt/rustwide/rustup-home:ro,Z" "-e" "SOURCE_DIR=/opt/rustwide/workdir" "-e" "CARGO_TARGET_DIR=/opt/rustwide/target" "-e" "CARGO_INCREMENTAL=0" "-e" "RUST_BACKTRACE=full" "-e" "RUSTFLAGS=--cap-lints=forbid" "-e" "CARGO_HOME=/opt/rustwide/cargo-home" "-e" "RUSTUP_HOME=/opt/rustwide/rustup-home" "-w" "/opt/rustwide/workdir" "-m" "1610612736" "--user" "0:0" "--network" "none" "rustops/crates-build-env@sha256:a636fd89d022f18117e1dc8fb37a0a009933cdbbe082814857f0e2024962d47c" "/opt/rustwide/cargo-home/bin/cargo" "+cfbc6d4cf1acbac5c025acf8ed68929caa551df3" "check" "--frozen" "--all" "--all-targets" "--message-format=json", kill_on_drop: false }`
[INFO] [stdout] 200b8669e1a68eb7f7374765b2b668f072b16b50d8f870dea446c89f229e558a
[INFO] [stderr] WARNING: Your kernel does not support swap limit capabilities or the cgroup is not mounted. Memory limited without swap.
[INFO] running `Command { std: "docker" "start" "-a" "200b8669e1a68eb7f7374765b2b668f072b16b50d8f870dea446c89f229e558a", kill_on_drop: false }`
[INFO] [stderr] warning: dependency (actix-files) specified without providing a local path, Git repository, or version to use. This will be considered an error in future versions
[INFO] [stderr] warning: dependency (actix-multipart) specified without providing a local path, Git repository, or version to use. This will be considered an error in future versions
[INFO] [stderr]    Compiling libc v0.2.76
[INFO] [stderr]    Compiling proc-macro2 v1.0.19
[INFO] [stderr]    Compiling unicode-xid v0.2.1
[INFO] [stderr]    Compiling version_check v0.9.2
[INFO] [stderr]    Compiling memchr v2.3.3
[INFO] [stderr]    Compiling autocfg v1.0.1
[INFO] [stderr]     Checking lazy_static v1.4.0
[INFO] [stderr]     Checking bytes v0.5.6
[INFO] [stderr]     Checking slab v0.4.2
[INFO] [stderr]     Checking futures-core v0.3.5
[INFO] [stderr]    Compiling proc-macro-hack v0.5.18
[INFO] [stderr]     Checking futures-sink v0.3.5
[INFO] [stderr]    Compiling pin-project-internal v0.4.23
[INFO] [stderr]     Checking scopeguard v1.1.0
[INFO] [stderr]    Compiling proc-macro-nested v0.1.6
[INFO] [stderr]     Checking fnv v1.0.7
[INFO] [stderr]     Checking once_cell v1.4.1
[INFO] [stderr]     Checking arc-swap v0.4.7
[INFO] [stderr]     Checking pin-project-lite v0.1.7
[INFO] [stderr]     Checking pin-utils v0.1.0
[INFO] [stderr]     Checking instant v0.1.6
[INFO] [stderr]     Checking subtle v2.2.3
[INFO] [stderr]    Compiling serde_derive v1.0.115
[INFO] [stderr]    Compiling serde v1.0.115
[INFO] [stderr]     Checking opaque-debug v0.3.0
[INFO] [stderr]     Checking itoa v0.4.6
[INFO] [stderr]     Checking cpuid-bool v0.1.2
[INFO] [stderr]     Checking adler v0.2.3
[INFO] [stderr]     Checking copyless v0.1.5
[INFO] [stderr]     Checking quick-error v1.2.3
[INFO] [stderr]     Checking gimli v0.22.0
[INFO] [stderr]    Compiling crc32fast v1.2.0
[INFO] [stderr]     Checking object v0.20.0
[INFO] [stderr]     Checking match_cfg v0.1.0
[INFO] [stderr]     Checking linked-hash-map v0.5.3
[INFO] [stderr]    Compiling cc v1.0.59
[INFO] [stderr]     Checking regex-syntax v0.6.18
[INFO] [stderr]    Compiling httparse v1.3.4
[INFO] [stderr]     Checking dtoa v0.4.6
[INFO] [stderr]    Compiling encoding_rs v0.8.23
[INFO] [stderr]    Compiling serde_json v1.0.57
[INFO] [stderr]    Compiling maybe-uninit v2.0.0
[INFO] [stderr]     Checking language-tags v0.2.2
[INFO] [stderr]    Compiling version_check v0.1.5
[INFO] [stderr]    Compiling rayon-core v1.7.1
[INFO] [stderr]     Checking adler32 v1.2.0
[INFO] [stderr]    Compiling v_escape v0.12.1
[INFO] [stderr]     Checking md5 v0.7.0
[INFO] [stderr]     Checking siphasher v0.3.3
[INFO] [stderr]    Compiling v_htmlescape v0.10.0
[INFO] [stderr]     Checking ucd-util v0.1.8
[INFO] [stderr]     Checking lzw v0.10.0
[INFO] [stderr]    Compiling pq-sys v0.4.6
[INFO] [stderr]    Compiling regex v0.2.11
[INFO] [stderr]     Checking color_quant v1.0.1
[INFO] [stderr]     Checking unchecked-index v0.2.2
[INFO] [stderr]     Checking ascii v0.9.3
[INFO] [stderr]     Checking utf8-ranges v1.0.4
[INFO] [stderr]     Checking rustc-serialize v0.3.24
[INFO] [stderr]     Checking bytemuck v1.3.1
[INFO] [stderr]     Checking termcolor v1.1.0
[INFO] [stderr]     Checking scoped_threadpool v0.1.9
[INFO] [stderr]     Checking sha1 v0.6.0
[INFO] [stderr]     Checking lock_api v0.4.1
[INFO] [stderr]     Checking lock_api v0.3.4
[INFO] [stderr]     Checking thread_local v1.0.1
[INFO] [stderr]     Checking tracing-core v0.1.15
[INFO] [stderr]     Checking thread_local v0.3.6
[INFO] [stderr]     Checking futures-channel v0.3.5
[INFO] [stderr]     Checking futures-task v0.3.5
[INFO] [stderr]     Checking miniz_oxide v0.4.1
[INFO] [stderr]     Checking humantime v1.3.0
[INFO] [stderr]    Compiling rand v0.6.5
[INFO] [stderr]     Checking http v0.2.1
[INFO] [stderr]     Checking bytestring v0.1.5
[INFO] [stderr]     Checking buf-min v0.1.1
[INFO] [stderr]    Compiling crossbeam-utils v0.7.2
[INFO] [stderr]    Compiling hashbrown v0.8.2
[INFO] [stderr]    Compiling indexmap v1.5.1
[INFO] [stderr]    Compiling num-traits v0.2.12
[INFO] [stderr]    Compiling memoffset v0.5.5
[INFO] [stderr]    Compiling crossbeam-epoch v0.8.2
[INFO] [stderr]    Compiling num-integer v0.1.43
[INFO] [stderr]    Compiling rayon v1.3.1
[INFO] [stderr]    Compiling num-iter v0.1.41
[INFO] [stderr]    Compiling num-rational v0.3.0
[INFO] [stderr]     Checking lru-cache v0.1.2
[INFO] [stderr]    Compiling generic-array v0.14.4
[INFO] [stderr]    Compiling standback v0.2.10
[INFO] [stderr]    Compiling time v0.2.16
[INFO] [stderr]    Compiling cookie v0.14.2
[INFO] [stderr]    Compiling unicase v2.6.0
[INFO] [stderr]     Checking miniz_oxide v0.3.7
[INFO] [stderr]     Checking regex-syntax v0.5.6
[INFO] [stderr]     Checking phf_shared v0.8.0
[INFO] [stderr]     Checking gif v0.10.3
[INFO] [stderr]     Checking log v0.4.11
[INFO] [stderr]    Compiling nom v4.2.3
[INFO] [stderr]     Checking idna v0.2.0
[INFO] [stderr]     Checking stringprep v0.1.2
[INFO] [stderr]     Checking fxhash v0.2.1
[INFO] [stderr]     Checking deflate v0.8.6
[INFO] [stderr]     Checking phf v0.8.0
[INFO] [stderr]     Checking tracing v0.1.19
[INFO] [stderr]    Compiling brotli-sys v0.3.2
[INFO] [stderr]     Checking aho-corasick v0.7.13
[INFO] [stderr]     Checking aho-corasick v0.6.10
[INFO] [stderr]     Checking combine v3.8.1
[INFO] [stderr]     Checking twoway v0.2.1
[INFO] [stderr]     Checking tiff v0.5.0
[INFO] [stderr]     Checking addr2line v0.13.0
[INFO] [stderr]     Checking block-buffer v0.7.3
[INFO] [stderr]     Checking digest v0.8.1
[INFO] [stderr]     Checking url v2.1.1
[INFO] [stderr]    Compiling quote v1.0.7
[INFO] [stderr]     Checking iovec v0.1.4
[INFO] [stderr]     Checking net2 v0.2.34
[INFO] [stderr]     Checking signal-hook-registry v1.2.1
[INFO] [stderr]     Checking num_cpus v1.13.0
[INFO] [stderr]     Checking getrandom v0.1.14
[INFO] [stderr]     Checking parking_lot_core v0.8.0
[INFO] [stderr]     Checking hostname v0.3.1
[INFO] [stderr]     Checking parking_lot_core v0.7.2
[INFO] [stderr]     Checking flate2 v1.0.17
[INFO] [stderr]     Checking socket2 v0.3.12
[INFO] [stderr]     Checking rand_os v0.1.3
[INFO] [stderr]     Checking time v0.1.43
[INFO] [stderr]     Checking rand v0.4.6
[INFO] [stderr]     Checking atty v0.2.14
[INFO] [stderr]     Checking png v0.16.7
[INFO] [stderr]     Checking crossbeam-channel v0.4.3
[INFO] [stderr]     Checking crossbeam-queue v0.2.3
[INFO] [stderr]     Checking sha2 v0.8.2
[INFO] [stderr]     Checking digest v0.9.0
[INFO] [stderr]     Checking crypto-mac v0.8.0
[INFO] [stderr]     Checking block-buffer v0.9.0
[INFO] [stderr]     Checking block-cipher v0.7.1
[INFO] [stderr]     Checking universal-hash v0.4.0
[INFO] [stderr]     Checking aead v0.3.2
[INFO] [stderr]    Compiling syn v1.0.39
[INFO] [stderr]    Compiling mime_guess v2.0.3
[INFO] [stderr]     Checking threadpool v1.8.1
[INFO] [stderr]     Checking regex v1.3.9
[INFO] [stderr]     Checking mio v0.6.22
[INFO] [stderr]     Checking rand_core v0.5.1
[INFO] [stderr]     Checking resolv-conf v0.6.3
[INFO] [stderr]     Checking backtrace v0.3.50
[INFO] [stderr]     Checking parking_lot v0.11.0
[INFO] [stderr]     Checking parking_lot v0.10.2
[INFO] [stderr]     Checking hmac v0.8.1
[INFO] [stderr]     Checking sha2 v0.9.1
[INFO] [stderr]     Checking sha-1 v0.9.1
[INFO] [stderr]     Checking aes-soft v0.4.0
[INFO] [stderr]     Checking crossbeam-deque v0.7.3
[INFO] [stderr]     Checking polyval v0.4.0
[INFO] [stderr]     Checking rand_chacha v0.2.2
[INFO] [stderr]     Checking rand v0.3.23
[INFO] [stderr]     Checking hkdf v0.9.0
[INFO] [stderr]     Checking rust-crypto v0.2.36
[INFO] [stderr]     Checking ghash v0.3.0
[INFO] [stderr]     Checking rand v0.7.3
[INFO] [stderr]     Checking aes v0.4.0
[INFO] [stderr]     Checking mio-uds v0.6.8
[INFO] [stderr]     Checking aes-gcm v0.6.0
[INFO] [stderr]     Checking tokio v0.2.22
[INFO] [stderr]     Checking env_logger v0.7.1
[INFO] [stderr]     Checking backoff v0.1.6
[INFO] [stderr]     Checking dotenv v0.9.0
[INFO] [stderr]     Checking postgres-protocol v0.5.2
[INFO] [stderr]     Checking postgres-types v0.1.2
[INFO] [stderr]     Checking jpeg-decoder v0.1.20
[INFO] [stderr]     Checking brotli2 v0.3.2
[INFO] [stderr]     Checking tokio-util v0.2.0
[INFO] [stderr]     Checking tokio-util v0.3.1
[INFO] [stderr]     Checking image v0.23.8
[INFO] [stderr]     Checking actix-codec v0.2.0
[INFO] [stderr]    Compiling futures-macro v0.3.5
[INFO] [stderr]    Compiling derive_more v0.99.9
[INFO] [stderr]    Compiling actix-macros v0.1.2
[INFO] [stderr]    Compiling async-trait v0.1.38
[INFO] [stderr]    Compiling thiserror-impl v1.0.20
[INFO] [stderr]    Compiling enum-as-inner v0.3.3
[INFO] [stderr]    Compiling time-macros-impl v0.1.1
[INFO] [stderr]    Compiling actix_derive v0.5.0
[INFO] [stderr]    Compiling actix-web-codegen v0.3.0-beta.1
[INFO] [stderr]    Compiling v_escape_derive v0.8.1
[INFO] [stderr]    Compiling diesel_derives v1.4.1
[INFO] [stderr]     Checking time-macros v0.1.0
[INFO] [stderr]     Checking thiserror v1.0.20
[INFO] [stderr]     Checking pin-project v0.4.23
[INFO] [stderr]     Checking futures-util v0.3.5
[INFO] [stderr]     Checking actix-threadpool v0.3.3
[INFO] [stderr]     Checking futures-executor v0.3.5
[INFO] [stderr]     Checking actix-rt v1.1.1
[INFO] [stderr]     Checking actix-service v1.0.6
[INFO] [stderr]     Checking h2 v0.2.6
[INFO] [stderr]     Checking redis-async v0.6.3
[INFO] [stderr]     Checking futures v0.3.5
[INFO] [stderr]     Checking redis v0.15.1
[INFO] [stderr]     Checking trust-dns-proto v0.19.5
[INFO] [stderr]     Checking tokio-postgres v0.5.5
[INFO] [stderr]     Checking actix-utils v1.0.6
[INFO] [stderr]     Checking actix-server v1.0.3
[INFO] [stderr]     Checking actix-tls v2.0.0-alpha.2
[INFO] [stderr]     Checking actix-testing v1.0.1
[INFO] [stderr]     Checking trust-dns-resolver v0.19.5
[INFO] [stderr]     Checking serde_urlencoded v0.6.1
[INFO] [stderr]     Checking actix-router v0.2.4
[INFO] [stderr]     Checking chrono v0.4.15
[INFO] [stderr]     Checking uuid v0.8.1
[INFO] [stderr]     Checking postgres v0.17.5
[INFO] [stderr]     Checking actix v0.10.0-alpha.3
[INFO] [stderr]     Checking actix-connect v2.0.0-alpha.4
[INFO] [stderr]     Checking diesel v1.4.5
[INFO] [stderr]     Checking actix-http v2.0.0-beta.3
[INFO] [stderr]     Checking awc v2.0.0-beta.3
[INFO] [stderr]     Checking actix-web v3.0.0-beta.3
[INFO] [stderr]     Checking actix-session v0.4.0-alpha.1
[INFO] [stderr]     Checking actix-multipart v0.3.0-beta.1
[INFO] [stderr]     Checking actix-files v0.3.0-beta.1
[INFO] [stderr]     Checking actix-cors v0.3.0-alpha.1
[INFO] [stderr]     Checking actix-redis v0.9.0-alpha.2
[INFO] [stderr]     Checking zly v0.1.0 (/opt/rustwide/workdir)
[INFO] [stdout] error[E0599]: no method named `parse` found for tuple `(std::string::String, std::path::PathBuf)` in the current scope
[INFO] [stdout]   --> src/router/img.rs:26:29
[INFO] [stdout]    |
[INFO] [stdout] 26 |     let id: String = path.0.parse().unwrap();
[INFO] [stdout]    |                             ^^^^^ method not found in `(std::string::String, std::path::PathBuf)`
[INFO] [stdout] 
[INFO] [stdout] 
[INFO] [stdout] error[E0599]: no method named `parse` found for tuple `(std::string::String,)` in the current scope
[INFO] [stdout]   --> src/router/img.rs:37:29
[INFO] [stdout]    |
[INFO] [stdout] 37 |     let id: String = path.0.parse().unwrap();
[INFO] [stdout]    |                             ^^^^^ method not found in `(std::string::String,)`
[INFO] [stdout] 
[INFO] [stdout] 
[INFO] [stdout] error[E0599]: no method named `parse` found for tuple `(std::string::String, std::string::String)` in the current scope
[INFO] [stdout]   --> src/router/img.rs:63:29
[INFO] [stdout]    |
[INFO] [stdout] 63 |     let id: String = path.0.parse().unwrap();
[INFO] [stdout]    |                             ^^^^^ method not found in `(std::string::String, std::string::String)`
[INFO] [stdout] 
[INFO] [stdout] 
[INFO] [stdout] error[E0599]: no method named `parse` found for tuple `(std::string::String, std::path::PathBuf)` in the current scope
[INFO] [stdout]   --> src/router/img.rs:26:29
[INFO] [stdout]    |
[INFO] [stdout] 26 |     let id: String = path.0.parse().unwrap();
[INFO] [stdout]    |                             ^^^^^ method not found in `(std::string::String, std::path::PathBuf)`
[INFO] [stdout] 
[INFO] [stdout] 
[INFO] [stdout] error[E0599]: no method named `parse` found for tuple `(std::string::String,)` in the current scope
[INFO] [stdout]   --> src/router/img.rs:37:29
[INFO] [stdout]    |
[INFO] [stdout] 37 |     let id: String = path.0.parse().unwrap();
[INFO] [stdout]    |                             ^^^^^ method not found in `(std::string::String,)`
[INFO] [stdout] 
[INFO] [stdout] 
[INFO] [stdout] error[E0599]: no method named `parse` found for tuple `(std::string::String, std::string::String)` in the current scope
[INFO] [stdout]   --> src/router/img.rs:63:29
[INFO] [stdout]    |
[INFO] [stdout] 63 |     let id: String = path.0.parse().unwrap();
[INFO] [stdout]    |                             ^^^^^ method not found in `(std::string::String, std::string::String)`
[INFO] [stdout] 
[INFO] [stdout] 
[INFO] [stdout] error: aborting due to 3 previous errors
[INFO] [stdout] 
[INFO] [stdout] 
[INFO] [stdout] For more information about this error, try `rustc --explain E0599`.
[INFO] [stdout] 
[INFO] [stderr] error: could not compile `zly`.
[INFO] [stderr] 
[INFO] [stderr] To learn more, run the command again with --verbose.
[INFO] [stderr] warning: build failed, waiting for other jobs to finish...
[INFO] [stdout] error: aborting due to 3 previous errors
[INFO] [stdout] 
[INFO] [stdout] 
[INFO] [stdout] For more information about this error, try `rustc --explain E0599`.
[INFO] [stdout] 
[INFO] [stderr] error: build failed
[INFO] running `Command { std: "docker" "inspect" "200b8669e1a68eb7f7374765b2b668f072b16b50d8f870dea446c89f229e558a", kill_on_drop: false }`
[INFO] running `Command { std: "docker" "rm" "-f" "200b8669e1a68eb7f7374765b2b668f072b16b50d8f870dea446c89f229e558a", kill_on_drop: false }`
[INFO] [stdout] 200b8669e1a68eb7f7374765b2b668f072b16b50d8f870dea446c89f229e558a
